36 = m, d = -4*r - 4 + 25. What are the prime factors of d?
3
Suppose -2*j = -0*y + y - 9, 3*y + 15 = 0. Suppose -3*m - 12 = -o, -5*o - 1 + 4 = 4*m. Let f = m + j. What are the prime factors of f?
2
What are the prime factors of ((-13)/(-3))/(0 - 4/(-72))?
2, 3, 13
Let k(b) = b**3 - b + 4. Let u be k(0). Let c(f) = -1 + f - 1 + u. List the prime factors of c(3).
5
Suppose -c = 5, -y - 2*c - 54 = -5*y. Suppose y*h - 38 = 10*h. What are the prime factors of h?
2, 19
Suppose 2*l + l + 30 = -5*i, -i - 4*l = 6. Let w(g) = g**2 + 5*g - 2*g + 4*g + 8. List the prime factors of w(i).
2
Let g(h) = h - 4. Let z be g(5). Let f = z + 6. Let j = f - 0. What are the prime factors of j?
7
Let a(m) = m**3 + m**2 + 2*m + 67. What are the prime factors of a(0)?
67
Let n(g) = -g**3 + g**2 + 8*g - 8. List the prime factors of n(-5).
2, 3, 17
Let v(h) = -4*h**2 - h. Let j = 0 - -1. Let w be v(j). Let c = -3 - w. What are the prime factors of c?
2
Let c(v) = -v - 7. Let i be c(0). Let x = i - -12. List the prime factors of x.
5
Let n = 0 - -7. Suppose -4*q + n = -u + 4*u, 33 = 5*u - 4*q. List the prime factors of u.
5
Suppose 3*i + 1 = -2*m, -i - 3*m = i + 4. Suppose -5*u + 74 = -u - 2*g, 0 = u + 3*g - i. List the prime factors of u.
2
Suppose -3*y + 4 = 2*r - 71, 0 = -5*r + 2*y + 159. What are the prime factors of r?
3, 11
Let k = 31 + -13. List the prime factors of k.
2, 3
Let g = 6 + 36. List the prime factors of g.
2, 3, 7
Let u(v) = -v**3 - 18*v**2 - 19*v - 4. Suppose 3*m + 6 = 0, d + 5*m = -0*d - 27. List the prime factors of u(d).
2, 3, 5
Let k be (6/8)/(3/384). Suppose -2*a + 4*a - k = -4*p, 2*a + 5*p - 96 = 0. Suppose -x + 3*y + 15 = 0, -5*x = y + 5 - a. What are the prime factors of x?
3
Suppose -w = -y + 14, 3*w = -0*y + y - 22. List the prime factors of (5/y)/((-1)/(-10)).
5
Suppose 0 = -x - 3*x + 100. List the prime factors of x.
5
Suppose -3*d + 160 = 2*d. What are the prime factors of d?
2
Suppose -3*d + 60 = 2*d - 4*y, -3*y = -d + 1. Let o be (-12)/42 + d/7. Let q = o + 0. What are the prime factors of q?
2
Suppose -6*p + 21 - 63 = 0. Let x(q) = -q**3 - 8*q**2 - 11*q - 8. What are the prime factors of x(p)?
2, 5
Let n be ((-160)/12)/(-1)*3. Suppose -j + 1 + 7 = 3*q, -5*j + 5*q + n = 0. List the prime factors of j.
2
Suppose 2*m + 0*m + 4 = 0. Let r(u) = 13*u**2 - 3*u - 1. Let i be r(m). Suppose 5*s = i + 23. What are the prime factors of s?
2
Suppose -30 = -w - 11. Suppose 5*o = w - 4. Suppose 2*c - o = 3. What are the prime factors of c?
3
Let s(j) = -11*j - 5. What are the prime factors of s(-6)?
61
Let j(x) = x**3 - x**2 - x - 1. Let q(s) = -5*s**3 + 12*s**2 - 3*s - 3. Let t(w) = -4*j(w) - q(w). List the prime factors of t(7).
7
Let t(r) = 2*r**2 + 10*r + 1. Let z be t(-7). Let g = -3 + z. List the prime factors of g.
2, 13
Let i be (-298)/(-5) - (-4)/10. Suppose 0*d + 3*d = i. What are the prime factors of d?
2, 5
Let z be ((-5)/(-4))/(1/4). Let q = z - 3. Suppose -35 = -4*u + 3*k, -3*k - 20 = -q*u + k. What are the prime factors of u?
2
Suppose -2*g - 2*p + 72 = 0, -2*p = -4 - 0. Let l = g - 11. List the prime factors of l.
23
Suppose 5*z + 5*m = 3115, -3*z + 2*m + 1542 + 302 = 0. Suppose 0 = 2*n - 3*b + 255, b + 0*b = 5*n + z. What are the prime factors of n/(-12) + 2/(-8)?
2, 5
Let a be (-99)/(-5) + (-1)/(-5). Suppose -d - 6 = -a. What are the prime factors of d?
2, 7
Suppose -5*i = 6 - 16. Suppose 4*l - 34 = -i. Let p = l - 3. What are the prime factors of p?
5
Let i = 4 + 54. What are the prime factors of i?
2, 29
Suppose v - 12 = -v. Let c(r) = 1 - r + 4*r - v. List the prime factors of c(5).
2, 5
Let g = 23 + -14. Suppose 5*n - 2*c - 26 = 0, 3*n - 4 = 2*n + c. Let z = n + g. What are the prime factors of z?
3, 5
Let h = 4 + 6. Let j(a) = -a**3 + 9*a**2 + 9*a + 12. Let w be j(h). List the prime factors of 4*(w + 2 + -3).
2
Let l be 34/10 - 4/10. Let n = 9 - l. What are the prime factors of n?
2, 3
Suppose 0*h - h + 4 = 0. List the prime factors of (3/h)/((-2)/(-80)).
2, 3, 5
Suppose -165 = -11*v + 6*v. Let s = 55 - v. List the prime factors of s.
2, 11
Let h = 21 + 21. What are the prime factors of h?
2, 3, 7
Suppose 0 = -3*i - 87 + 432. What are the prime factors of i?
5, 23
Suppose -h - 2 = 8. Let o = h + 14. List the prime factors of o.
2
Suppose 3*t - 1 = 5. Suppose -t*x - 48 = -o - 0*x, 3 = -x. What are the prime factors of o?
2, 3, 7
Suppose 0*k + 2*k - 34 = 0. What are the prime factors of k?
17
Let c(i) be the second derivative of -7*i**5/20 - i**3/6 - i**2/2 - 9*i. What are the prime factors of c(-1)?
7
Let j = -5 + 8. Suppose 21 = 5*h + j*s, 9 = 2*h - 5*s + 6*s. What are the prime factors of h?
2, 3
Let a(q) = 11*q - 1. What are the prime factors of a(9)?
2, 7
Let p be (1/(-2))/((-4)/808). Suppose -8 = 3*b - p. List the prime factors of b.
31
Suppose -3*m + 33 = -0*w + w, -2*w + 45 = -m. List the prime factors of w.
2, 3
Let v be ((-7)/(-3))/(9/(-27)). Let l(w) = w**3 + 6*w**2 - 9*w + 1. What are the prime factors of l(v)?
3, 5
Let h be 2*2*(-4)/16. List the prime factors of h/(((-14)/(-40))/(-7)).
2, 5
Let v be (3/6)/((-1)/(-16)). Suppose -5*c + v = -c, -2*f - 5*c = -18. Suppose 2*y = f*d - 24, -d - 4*d + 30 = 3*y. List the prime factors of d.
2, 3
List the prime factors of 291/1*(5 + 14/(-3)).
97
Let q(k) = -k**3 + 11*k**2 - 2*k + 3. List the prime factors of q(5).
11, 13
Let r be (-3 - -5)/(4 - 2). Suppose 4*i = -17 + r, 2*f - 24 = 5*i. What are the prime factors of f?
2
Suppose r + 4*r = 5*w - 145, -4*w - 2*r = -146. List the prime factors of w.
2, 17
Let n(z) = z + 2. Let c be n(0). Let a be (3 + -1 - c)/(-2). Suppose a*l + 3*l - 30 = 0. What are the prime factors of l?
2, 5
Let t(r) = 13*r + 1. Suppose b = 6*b - 5. What are the prime factors of t(b)?
2, 7
Let t(a) = -a**3 - 9*a**2 - 9*a + 2. Let h be t(-8). Let x(r) = 2*r + 21. What are the prime factors of x(h)?
41
Let u be (-3 + 5)*6/4. Suppose 3*z - u = 48. What are the prime factors of z?
17
Suppose 0 = 17*l - 6*l - 506. What are the prime factors of l?
2, 23
What are the prime factors of 26 + (4 - 4 - -3)?
29
Let u be (14/(-6))/(7/63). What are the prime factors of u*4/(-6) - 0?
2, 7
Let a = 24 + -24. Let w = -4 + 6. Let i = w - a. What are the prime factors of i?
2
Let c(p) = -4*p. Suppose -3*v = 4 + 2. Let q be c(v). Let o(y) = y**2 - 8*y + 12. What are the prime factors of o(q)?
2, 3
What are the prime factors of (536/12)/(2/3)?
67
List the prime factors of 283 + -2 - (-12 + 13).
2, 5, 7
Suppose -2*a = -2*y - 228, -2*y + 56 + 528 = 5*a. What are the prime factors of a?
2, 29
Let q = 121 + -72. List the prime factors of q.
7
Let k(y) = -7*y + 1. Let n be k(-4). Let a = 53 - n. List the prime factors of a.
2, 3
Let a(n) = n**3 + 12*n**2 - 5*n - 7. List the prime factors of a(-12).
53
Let d(x) = -x**3 + 3*x**2 - 2. Let o be d(2). Suppose -t + o*c + 5 = 0, -t + 3*c = 2*t - 18. List the prime factors of t.
7
Let k(h) = -6*h**2 + 3*h + 6. Let d be k(-2). What are the prime factors of d/(-2 - 1) + 3?
11
Let m = -1 - 2. List the prime factors of (10/1)/(-1 - m).
5
Let v be 15/2 - 3/(-6). List the prime factors of -1 + 0 - v/(-2).
3
Let l = 548 + -374. List the prime factors of l.
2, 3, 29
Let u be -4*2 - -2 - -3. List the prime factors of ((-10)/u)/((-2)/(-6)).
2, 5
Suppose 6*q - h - 93 = q, 0 = -4*h - 12. Let r be 3*1*4/6. Suppose 4*y = 4, 0*k + 2*k + r*y - q = 0. List the prime factors of k.
2
Let v(y) = -36*y - 8. What are the prime factors of v(-7)?
2, 61
Let u = -48 + 147. List the prime factors of u.
3, 11
Let b be 23/5 - (-21)/(-35). Suppose b*p - 3*r = 121, -3*r = -p + r + 14. List the prime factors of p.
2, 17
Suppose 2*a + 2 = 0, 1711 = 5*g + 2*a + 2*a. What are the prime factors of g?
7
Suppose 2*c + 2013 = 765. What are the prime factors of 2/(-10) - c/20?
31
Let r(b) = -b**2 + 10*b - 1. Suppose -16 = -4*s + 2*s. List the prime factors of r(s).
3, 5
Suppose 0*s + 6 = -3*s, -5*s + 18 = -2*n. List the prime factors of (-66)/n - 2/(-7).
5
Let c(y) = y**3 - 7*y**2 + 7*y - 5. Suppose -5*m + 0*m = x - 37, -5*x + 45 = 5*m. What are the prime factors of c(m)?
2, 11
Let d(l) be the second derivative of -l**4/12 + l**2/2 - 3*l. Let o be d(0). What are the prime factors of (1 + o)/2 + 4?
5
Let d(o) = -o**3 + 14*o**2 - 13*o - 10. What are the prime factors of d(12)?
2,